to base 11.
-95
What is -162 (base 7) in base 2?
-1011101
What is 0 (base 14) in base 16?
0
Convert -1 (base 16) to base 11.
-1
3231 (base 4) to base 15
10c
Convert -1103 (base 5) to base 4.
-2121
What is 4 (base 14) in base 3?
11
Convert 5b (base 12) to base 2.
1000111
What is -c (base 16) in base 6?
-20
Convert 4 (base 15) to base 3.
11
1110010 (base 2) to base 15
79
Convert -6 (base 13) to base 5.
-11
311 (base 4) to base 12
45
2 (base 3) to base 12
2
Convert 1 (base 16) to base 4.
1
Convert 3 (base 14) to base 6.
3
What is 1 (base 16) in base 3?
1
What is 2 (base 16) in base 11?
2
38 (base 10) to base 8
46
2 (base 16) to base 3
2
104 (base 6) to base 14
2c
Convert -2 (base 4) to base 6.
-2
What is -11010000 (base 2) in base 15?
-dd
What is 100011 (base 2) in base 15?
25
Convert -10 (base 2) to base 7.
-2
23 (base 6) to base 13
12
What is -1d (base 14) in base 9?
-30
What is 8 (base 12) in base 10?
8
2c (base 15) to base 12
36
Convert -222 (base 10) to base 11.
-192
Convert 12 (base 8) to base 11.
a
Convert 72 (base 10) to base 12.
60
Convert 5 (base 14) to base 2.
101
-6 (base 9) to base 5
-11
What is -28 (base 10) in base 9?
-31
Convert -c (base 13) to base 5.
-22
-7 (base 14) to base 3
-21
Convert 5 (base 12) to base 13.
5
0 (base 3) to base 8
0
Convert 2 (base 15) to base 10.
2
Convert 7 (base 14) to base 16.
7
What is -8 (base 13) in base 3?
-22
-54 (base 15) to base 9
-87
Convert 1 (base 7) to base 2.
1
What is 1 (base 13) in base 5?
1
Convert -111000 (base 2) to base 13.
-44
What is 1302 (base 4) in base 8?
162
Convert -2a (base 12) to base 6.
-54
0 (base 13) to base 10
0
-20 (base 7) to base 8
-16
Convert 11110 (base 2) to base 4.
132
Convert 305 (base 9) to base 13.
161
Convert -12 (base 16) to base 15.
-13
25 (base 8) to base 10
21
3 (base 6) to base 3
10
-10 (base 3) to base 5
-3
What is -b (base 14) in base 13?
-b
10 (base 2) to base 14
2
71 (base 15) to base 3
10221
12 (base 6) to base 2
1000
Convert -3a (base 11) to base 13.
-34
-11010 (base 2) to base 15
-1b
-3 (base 12) to base 14
-3
What is -100001 (base 2) in base 5?
-113
Convert a (base 14) to base 8.
12
Convert 79 (base 11) to base 6.
222
-11 (base 5) to base 15
-6
Convert -44 (base 8) to base 11.
-33
2 (base 16) to base 3
2
3 (base 11) to base 10
3
-8 (base 15) to base 9
-8
-30 (base 10) to base 12
-26
Convert 3 (base 13) to base 5.
3
Convert 144 (base 11) to base 8.
251
14 (base 13) to base 5
32
What is 101 (base 5) in base 6?
42
Convert 18 (base 16) to base 14.
1a
-5 (base 7) to base 8
-5
Convert 32 (base 14) to base 6.
112
What is -1 (base 11) in base 3?
-1
-14 (base 11) to base 13
-12
What is 0 (base 16) in base 9?
0
-132 (base 4) to base 2
-11110
Convert -313 (base 5) to base 4.
-1103
What is -27 (base 10) in base 5?
-102
Convert 22 (base 4) to base 9.
11
What is 7a (base 16) in base 9?
145
Convert 14 (base 9) to base 8.
15
Convert -6 (base 8) to base 3.
-20
What is -4 (base 12) in base 6?
-4
Convert -104 (base 13) to base 12.
-125
Convert 13 (base 10) to base 11.
12
What is 223 (base 6) in base 12?
73
-10100 (base 2) to base 14
-16
Convert 137 (base 11) to base 9.
188
What is 110 (base 2) in base 11?
6
Convert -22 (base 9) to base 14.
-16
What is a (base 12) in base 9?
11
What is -1 (base 9) in base 6?
-1
What is -10212 (base 3) in base 16?
-68
Convert 0 (base 5) to base 3.
0
-110 (base 7) to base 14
-40
What is 6 (base 14) in base 6?
10
Convert -1 (base 7) to base 4.
-1
10000 (base 3) to base 9
100
-1 (base 5) to base 13
-1
What is 5 (base 6) in base 8?
5
Convert 4 (base 12) to base 6.
4
Convert -2d (base 14) to base 7.
-56
105 (base 7) to base 5
204
What is 0 (base 5) in base 8?
0
Convert -3 (base 13) to base 15.
-3
21 (base 4) to base 13
9
What is 11 (base 8) in base 12?
9
Convert -42 (base 12) to base 15.
-35
What is 220 (base 3) in base 11?
22
What is -11a (base 11) in base 7?
-262
3 (base 12) to base 15
3
2 (base 11) to base 15
2
-4 (base 15) to base 8
-4
-6 (base 12) to base 13
-6
Convert -1 (base 6) to base 14.
-1
4 (base 15) to base 16
4
Convert 102 (base 3) to base 14.
b
Convert 21 (base 15) to base 6.
51
-1 (base 4) to base 11
-1
6 (base 12) to base 13
6
What is 12 (base 6) in base 2?
1000
What is -34 (base 7) in base 5?
-100
Convert -141 (base 9) to base 10.
-118
-4 (base 15) to base 6
-4
Convert 22 (base 6) to base 16.
e
-230 (base 10) to base 15
-105
What is 11 (base 13) in base 8?
16
Convert 86 (base 14) to base 11.
a8
Convert 147 (base 10) to base 2.
10010011
Convert -78 (base 16) to base 7.
-231
What is 1000 (base 2) in base 9?
8
Convert 9 (base 10) to base 13.
9
What is 12 (base 5) in base 12?
7
2 (base 3) to base 6
2
Convert 3 (base 7) to base 16.
3
4 (base 6) to base 13
4
0 (base 5) to base 15
0
What is 63 (base 11) in base 4?
1011
Convert -1 (base 8) to base 4.
-1
-8 (base 12) to base 9
-8
Convert 75 (base 11) to base 3.
10001
6 (base 14) to base 16
6
75 (base 10) to base 2
1001011
-3 (base 8) to base 7
-3
Convert -132 (base 6) to base 13.
-44
Convert -35 (base 8) to base 14.
-21
Convert -31 (base 6) to base 12.
-17
Convert -22 (base 16) to base 3.
-1021
What is -159 (base 11) in base 2?
-10111001
What is 12 (base 11) in base 5?
23
Convert -14 (base 5) to base 10.
-9
What is 15 (base 6) in base 3?
102
What is -3 (base 10) in base 12?
-3
Convert 22 (base 7) to base 14.
12
What is 224 (base 5) in base 3?
2101
What is -12 (base 4) in base 8?
-6
What is -11110010 (base 2) in base 9?
-288
What is 324 (base 7) in base 10?
165
Convert a (base 12) to base 2.
1010
-21 (base 7) to base 5
-30
Convert 2 (base 11) to base 12.
2
Convert -6 (base 15) to base 5.
-11
Convert -30 (base 9) to base 7.
-36
-1301 (base 6) to base 3
-110001
What is 4 (base 14) in base 12?
4
1 (base 15) to base 9
1
Convert 0 (base 8) to base 15.
0
11 (base 2) to base 12
3
44 (base 12) to base 10
52
What is -34 (base 6) in base 15?
-17
What is 4 (base 16) in base 6?
4
Convert 4 (base 6) to base 8.
4
Convert 1111 (base 3) to base 12.
34
-10000010 (base 2) to base 10
-130
Convert 33 (base 5) to base 7.
24
Convert -1 (base 9) to base 12.
-1
Convert -1 (base 3) to base 4.
-1
Convert -1 (base 12) to base 9.
-1
-2 (base 9) to base 16
-2
What is 0 (base 2) in base 3?
0
7 (base 11) to base 4
13
Convert 12101 (base 3) to base 13.
b2
Convert 3 (base 5) to base 16.
3
-320 (base 5) to base 10
-85
Convert 70 (base 15) to base 9.
126
What is -336 (base 7) in base 12?
-126
-1 (base 13) to base 15
-1
Convert 2 (base 7) to base 9.
2
Convert -21 (base 4) to base 10.
-9
What is 41 (base 7) in base 16?
1d
What is 1 (base 2) in base 12?
1
What is 10110001 (base 2) in base 16?
b1
Convert -3 (base 12) to base 16.
-3
What is -1 (base 5) in base 9?
-1
Convert 33 (base 5) to base 7.
24
104 (base 11) to base 14
8d
What is 1b (base 14) in base 5?
100
11201 (base 3) to base 2
1111111
Convert 314 (base 5) to base 7.
150
Convert -110 (base 5) to base 14.
-22
Convert 3 (base 5) to base 14.
3
What is 79 (base 12) in base 5?
333
Convert 31 (base 9) to base 13.
22
Convert 6 (base 8) to base 12.
6
What is -1 (base 9) in base 15?
-1
What is 7a (base 12) in base 14?
6a
-1 (base 14) to base 5
-1
-1010 (base 2) to base 7
-13
-8b (base 15) to base 11
-10a
What is -2 (base 10) in base 14?
-2
What is 0 (base 12) in base 9?
0
46 (base 13) to base 15
3d
What is 39 (base 11) in base 8?
52
100 (base 3) to base 6
13
-432 (base 5) to base 4
-1311
What is -311 (base 8) in base 12?
-149
3 (base 16) to base 7
3
Convert -3 (base 14) to base 16.
-3
Convert 6 (base 9) to base 8.
6
Convert -32 (base 14) to base 13.
-35
2000 (base 3) to base 14
3c
What is -20 (base 11) in base 6?
-34
Convert -1044 (base 6) to base 10.
-244
Convert 1 (base 15) to base 3.
1
-5 (base 7) to base 2
-101
What is 121 (base 4) in base 10?
25
-10 (base 4) to base 12
-4
Convert 19 (base 15) to base 8.
30
Convert 38 (base 10) to base 4.
212
Convert 1 (base 10) to base 4.
1
30 (base 15) to base 5
140
What is -1100011 (base 2) in base 16?
-63
Convert 3 (base 13) to base 14.
3
What is -2 (base 16) in base 4?
-2
Convert -3 (base 8) to base 15.
-3
-1 (base 15) to base 2
-1
What is -2 (base 12) in base 9?
-2
What is 10 (base 6) in base 14?
6
Convert 1 (base 3) to base 8.
1
Convert -20 (base 3) to base 10.
-6
-7 (base 16) to base 7
-10
What is -32 (base 4) in base 8?
-1